{"id":275,"date":"2022-01-05T22:09:57","date_gmt":"2022-01-05T21:09:57","guid":{"rendered":"http:\/\/testserver.feuerwehr-oderwitz.de\/?page_id=275"},"modified":"2022-09-21T23:17:26","modified_gmt":"2022-09-21T21:17:26","slug":"kinder-jugendfeuerwehr","status":"publish","type":"page","link":"https:\/\/feuerwehr-oderwitz.de\/?page_id=275","title":{"rendered":"Kinder- &#038; Jugendfeuerwehr"},"content":{"rendered":"\n<!--more-->\n\n\n\n<h3 class=\"wp-block-heading\">Wer sind wir?<\/h3>\n\n\n\n<div class=\"wp-block-columns alignwide is-layout-flex wp-container-core-columns-is-layout-9d6595d7 wp-block-columns-is-layout-flex\">\n<div class=\"wp-block-column is-layout-flow wp-block-column-is-layout-flow\" style=\"flex-basis:40%\">\n<figure class=\"wp-block-image\"><img decoding=\"async\" width=\"1024\" height=\"683\" src=\"\/wp-content\/uploads\/2022\/01\/IMG_9222-1024x683.jpg\" alt=\"\" class=\"wp-image-494\" srcset=\"https:\/\/feuerwehr-oderwitz.de\/wp-content\/uploads\/2022\/01\/IMG_9222-1024x683.jpg 1024w, https:\/\/feuerwehr-oderwitz.de\/wp-content\/uploads\/2022\/01\/IMG_9222-300x200.jpg 300w, https:\/\/feuerwehr-oderwitz.de\/wp-content\/uploads\/2022\/01\/IMG_9222-768x512.jpg 768w, https:\/\/feuerwehr-oderwitz.de\/wp-content\/uploads\/2022\/01\/IMG_9222-1536x1024.jpg 1536w, https:\/\/feuerwehr-oderwitz.de\/wp-content\/uploads\/2022\/01\/IMG_9222-2048x1365.jpg 2048w\" sizes=\"(max-width: 1024px) 100vw, 1024px\" \/><figcaption>Schlauchbootausbildung der Jugendfeuerwehr Oderwitz<\/figcaption><\/figure>\n<\/div>\n\n\n\n<div class=\"wp-block-column is-vertically-aligned-top is-layout-flow wp-block-column-is-layout-flow\" style=\"flex-basis:40%\">\n<p>Die Nachwuchs- und Jugendarbeit ist ein zentraler Pfeiler f\u00fcr die zukunftssicherheit der Freiwilliger Feuerwehren. In der Kinder- und Jugendfeuerwehr werden Kinder und Jugendliche spielerisch und altersgerecht an das Feuerwehrwesen herangef\u00fchrt und lernen so bereits fr\u00fchzeitig f\u00fcr sich und andere Verantwortung zu \u00fcbernehmen sowie einen Teamgeist zu entwickeln.<\/p>\n<\/div>\n\n\n\n<div class=\"wp-block-column is-vertically-aligned-center is-layout-flow wp-block-column-is-layout-flow\" style=\"flex-basis:20%\">\n<div class=\"wp-block-buttons is-horizontal is-content-justification-center is-layout-flex wp-container-core-buttons-is-layout-499968f5 wp-block-buttons-is-layout-flex\">\n<div class=\"wp-block-button is-style-fill\"><a class=\"wp-block-button__link has-very-light-gray-color has-vivid-red-background-color has-text-color has-background\" href=\"\/?page_id=36\" style=\"border-radius:5px\" rel=\"\/ueber-uns\/fahrzeuge\/hlf10\/\">Dienstpl\u00e4ne<\/a><\/div>\n<\/div>\n<\/div>\n<\/div>\n\n\n\n<h3 class=\"wp-block-heading\">Kinderfeuerwehr<\/h3>\n\n\n\n<div class=\"wp-block-columns is-layout-flex wp-container-core-columns-is-layout-9d6595d7 wp-block-columns-is-layout-flex\">\n<div class=\"wp-block-column is-layout-flow wp-block-column-is-layout-flow\" style=\"flex-basis:80%\">\n<p>Das Angebot der Kinderfeuerwehr richtet sich an Kinder im Grundschulalter (6. bis 10. Lebensjahr). Die p\u00e4dagogisch ausgebildeten Kameradinnen und Kameraden, welche die Betreuung und Ausbildung der Kinder \u00fcbernehmen vermitteln spielerisch die Grundlagen der Brandschutzerziehung und gestalten alles rund um das Thema Feuerwehr mit kreativen Ideen.<\/p>\n<\/div>\n\n\n\n<div class=\"wp-block-column is-vertically-aligned-center is-layout-flow wp-block-column-is-layout-flow\" style=\"flex-basis:20%\">\n<div class=\"wp-block-buttons is-horizontal is-content-justification-center is-layout-flex wp-container-core-buttons-is-layout-499968f5 wp-block-buttons-is-layout-flex\">\n<div class=\"wp-block-button is-style-fill\"><a class=\"wp-block-button__link has-very-light-gray-color has-vivid-red-background-color has-text-color has-background\" href=\"\/?page_id=281\" style=\"border-radius:5px\" rel=\"\/ueber-uns\/fahrzeuge\/hlf10\/\">Mitglied werden!<\/a><\/div>\n<\/div>\n<\/div>\n<\/div>\n\n\n\n<h2 class=\"wp-block-heading\">Jugendfeuerwehr<\/h2>\n\n\n\n<div class=\"wp-block-columns is-layout-flex wp-container-core-columns-is-layout-9d6595d7 wp-block-columns-is-layout-flex\">\n<div class=\"wp-block-column is-layout-flow wp-block-column-is-layout-flow\" style=\"flex-basis:80%\">\n<p>Die Jugendfeuerwehr bietet ein vielf\u00e4ltiges Angebot f\u00fcr Jugendliche im Alter von 10 bis 16 Jahren. Die Ausbildung an der technischen Ausr\u00fcstung der Feuerwehr oder sportliche Dienste geh\u00f6ren genauso dazu wie das allj\u00e4hrliche Sommerlager mit anderen Jugendfeuerwehren des Landkreises G\u00f6rlitz oder der Berufsfeuerwehrtag, bei dem \u00fcber 24 Stunden das Leben auf einer Berufsfeuerwehrwache nachempfunden werden kann. <\/p>\n<\/div>\n\n\n\n<div class=\"wp-block-column is-vertically-aligned-center is-layout-flow wp-block-column-is-layout-flow\" style=\"flex-basis:20%\">\n<div class=\"wp-block-buttons is-horizontal is-content-justification-center is-layout-flex wp-container-core-buttons-is-layout-499968f5 wp-block-buttons-is-layout-flex\">\n<div class=\"wp-block-button is-style-fill\"><a class=\"wp-block-button__link has-very-light-gray-color has-vivid-red-background-color has-text-color has-background\" href=\"\/?page_id=281\" style=\"border-radius:5px\" rel=\"\/ueber-uns\/fahrzeuge\/hlf10\/\">Mitglied werden!<\/a><\/div>\n<\/div>\n<\/div>\n<\/div>\n\n\n\n<h2 class=\"wp-block-heading\">Noch Fragen?<\/h2>\n\n\n\n<div class=\"wp-block-columns is-layout-flex wp-container-core-columns-is-layout-9d6595d7 wp-block-columns-is-layout-flex\">\n<div class=\"wp-block-column is-layout-flow wp-block-column-is-layout-flow\" style=\"flex-basis:80%\">\n<p>Wenn wir euer Interesse geweckt haben, ihr aber noch mehr wissen wollt haben wir unter dem nachfolgenden Link nochmal die Antworten auf einige h\u00e4ufig aufkommende Fragen zusammengefasst:<\/p>\n<\/div>\n\n\n\n<div class=\"wp-block-column is-vertically-aligned-center is-layout-flow wp-block-column-is-layout-flow\" style=\"flex-basis:20%\">\n<div class=\"wp-block-buttons is-horizontal is-content-justification-center is-layout-flex wp-container-core-buttons-is-layout-499968f5 wp-block-buttons-is-layout-flex\">\n<div class=\"wp-block-button is-style-fill\"><a class=\"wp-block-button__link has-very-light-gray-color has-vivid-red-background-color has-text-color has-background\" href=\"\/?page_id=285\" style=\"border-radius:5px\" rel=\"\/ueber-uns\/fahrzeuge\/hlf10\/\">FAQs<\/a><\/div>\n<\/div>\n<\/div>\n<\/div>\n\n\n\n<p><\/p>\n","protected":false},"excerpt":{"rendered":"","protected":false},"author":1,"featured_media":495,"parent":0,"menu_order":0,"comment_status":"closed","ping_status":"closed","template":"","meta":{"footnotes":""},"class_list":["post-275","page","type-page","status-publish","has-post-thumbnail","hentry"],"_links":{"self":[{"href":"https:\/\/feuerwehr-oderwitz.de\/index.php?rest_route=\/wp\/v2\/pages\/275","targetHints":{"allow":["GET"]}}],"collection":[{"href":"https:\/\/feuerwehr-oderwitz.de\/index.php?rest_route=\/wp\/v2\/pages"}],"about":[{"href":"https:\/\/feuerwehr-oderwitz.de\/index.php?rest_route=\/wp\/v2\/types\/page"}],"author":[{"embeddable":true,"href":"https:\/\/feuerwehr-oderwitz.de\/index.php?rest_route=\/wp\/v2\/users\/1"}],"replies":[{"embeddable":true,"href":"https:\/\/feuerwehr-oderwitz.de\/index.php?rest_route=%2Fwp%2Fv2%2Fcomments&post=275"}],"version-history":[{"count":10,"href":"https:\/\/feuerwehr-oderwitz.de\/index.php?rest_route=\/wp\/v2\/pages\/275\/revisions"}],"predecessor-version":[{"id":1057,"href":"https:\/\/feuerwehr-oderwitz.de\/index.php?rest_route=\/wp\/v2\/pages\/275\/revisions\/1057"}],"wp:featuredmedia":[{"embeddable":true,"href":"https:\/\/feuerwehr-oderwitz.de\/index.php?rest_route=\/wp\/v2\/media\/495"}],"wp:attachment":[{"href":"https:\/\/feuerwehr-oderwitz.de\/index.php?rest_route=%2Fwp%2Fv2%2Fmedia&parent=275"}],"curies":[{"name":"wp","href":"https:\/\/api.w.org\/{rel}","templated":true}]}}

<!--more-->



<h3 class="wp-block-heading">Wer sind wir?</h3>



<div class="wp-block-columns alignwide is-layout-flex wp-container-core-columns-is-layout-9d6595d7 wp-block-columns-is-layout-flex">
<div class="wp-block-column is-layout-flow wp-block-column-is-layout-flow" style="flex-basis:40%">
<figure class="wp-block-image"><img decoding="async" width="1024" height="683" src="/wp-content/uploads/2022/01/IMG_9222-1024x683.jpg" alt="" class="wp-image-494" srcset="https://feuerwehr-oderwitz.de/wp-content/uploads/2022/01/IMG_9222-1024x683.jpg 1024w, https://feuerwehr-oderwitz.de/wp-content/uploads/2022/01/IMG_9222-300x200.jpg 300w, https://feuerwehr-oderwitz.de/wp-content/uploads/2022/01/IMG_9222-768x512.jpg 768w, https://feuerwehr-oderwitz.de/wp-content/uploads/2022/01/IMG_9222-1536x1024.jpg 1536w, https://feuerwehr-oderwitz.de/wp-content/uploads/2022/01/IMG_9222-2048x1365.jpg 2048w" sizes="(max-width: 1024px) 100vw, 1024px" /><figcaption>Schlauchbootausbildung der Jugendfeuerwehr Oderwitz</figcaption></figure>
</div>



<div class="wp-block-column is-vertically-aligned-top is-layout-flow wp-block-column-is-layout-flow" style="flex-basis:40%">
<p>Die Nachwuchs- und Jugendarbeit ist ein zentraler Pfeiler für die zukunftssicherheit der Freiwilliger Feuerwehren. In der Kinder- und Jugendfeuerwehr werden Kinder und Jugendliche spielerisch und altersgerecht an das Feuerwehrwesen herangeführt und lernen so bereits frühzeitig für sich und andere Verantwortung zu übernehmen sowie einen Teamgeist zu entwickeln.</p>
</div>



<div class="wp-block-column is-vertically-aligned-center is-layout-flow wp-block-column-is-layout-flow" style="flex-basis:20%">
<div class="wp-block-buttons is-horizontal is-content-justification-center is-layout-flex wp-container-core-buttons-is-layout-499968f5 wp-block-buttons-is-layout-flex">
<div class="wp-block-button is-style-fill"><a class="wp-block-button__link has-very-light-gray-color has-vivid-red-background-color has-text-color has-background" href="/?page_id=36" style="border-radius:5px" rel="/ueber-uns/fahrzeuge/hlf10/">Dienstpläne</a></div>
</div>
</div>
</div>



<h3 class="wp-block-heading">Kinderfeuerwehr</h3>



<div class="wp-block-columns is-layout-flex wp-container-core-columns-is-layout-9d6595d7 wp-block-columns-is-layout-flex">
<div class="wp-block-column is-layout-flow wp-block-column-is-layout-flow" style="flex-basis:80%">
<p>Das Angebot der Kinderfeuerwehr richtet sich an Kinder im Grundschulalter (6. bis 10. Lebensjahr). Die pädagogisch ausgebildeten Kameradinnen und Kameraden, welche die Betreuung und Ausbildung der Kinder übernehmen vermitteln spielerisch die Grundlagen der Brandschutzerziehung und gestalten alles rund um das Thema Feuerwehr mit kreativen Ideen.</p>
</div>



<div class="wp-block-column is-vertically-aligned-center is-layout-flow wp-block-column-is-layout-flow" style="flex-basis:20%">
<div class="wp-block-buttons is-horizontal is-content-justification-center is-layout-flex wp-container-core-buttons-is-layout-499968f5 wp-block-buttons-is-layout-flex">
<div class="wp-block-button is-style-fill"><a class="wp-block-button__link has-very-light-gray-color has-vivid-red-background-color has-text-color has-background" href="/?page_id=281" style="border-radius:5px" rel="/ueber-uns/fahrzeuge/hlf10/">Mitglied werden!</a></div>
</div>
</div>
</div>



<h2 class="wp-block-heading">Jugendfeuerwehr</h2>



<div class="wp-block-columns is-layout-flex wp-container-core-columns-is-layout-9d6595d7 wp-block-columns-is-layout-flex">
<div class="wp-block-column is-layout-flow wp-block-column-is-layout-flow" style="flex-basis:80%">
<p>Die Jugendfeuerwehr bietet ein vielfältiges Angebot für Jugendliche im Alter von 10 bis 16 Jahren. Die Ausbildung an der technischen Ausrüstung der Feuerwehr oder sportliche Dienste gehören genauso dazu wie das alljährliche Sommerlager mit anderen Jugendfeuerwehren des Landkreises Görlitz oder der Berufsfeuerwehrtag, bei dem über 24 Stunden das Leben auf einer Berufsfeuerwehrwache nachempfunden werden kann. </p>
</div>



<div class="wp-block-column is-vertically-aligned-center is-layout-flow wp-block-column-is-layout-flow" style="flex-basis:20%">
<div class="wp-block-buttons is-horizontal is-content-justification-center is-layout-flex wp-container-core-buttons-is-layout-499968f5 wp-block-buttons-is-layout-flex">
<div class="wp-block-button is-style-fill"><a class="wp-block-button__link has-very-light-gray-color has-vivid-red-background-color has-text-color has-background" href="/?page_id=281" style="border-radius:5px" rel="/ueber-uns/fahrzeuge/hlf10/">Mitglied werden!</a></div>
</div>
</div>
</div>



<h2 class="wp-block-heading">Noch Fragen?</h2>



<div class="wp-block-columns is-layout-flex wp-container-core-columns-is-layout-9d6595d7 wp-block-columns-is-layout-flex">
<div class="wp-block-column is-layout-flow wp-block-column-is-layout-flow" style="flex-basis:80%">
<p>Wenn wir euer Interesse geweckt haben, ihr aber noch mehr wissen wollt haben wir unter dem nachfolgenden Link nochmal die Antworten auf einige häufig aufkommende Fragen zusammengefasst:</p>
</div>



<div class="wp-block-column is-vertically-aligned-center is-layout-flow wp-block-column-is-layout-flow" style="flex-basis:20%">
<div class="wp-block-buttons is-horizontal is-content-justification-center is-layout-flex wp-container-core-buttons-is-layout-499968f5 wp-block-buttons-is-layout-flex">
<div class="wp-block-button is-style-fill"><a class="wp-block-button__link has-very-light-gray-color has-vivid-red-background-color has-text-color has-background" href="/?page_id=285" style="border-radius:5px" rel="/ueber-uns/fahrzeuge/hlf10/">FAQs</a></div>
</div>
</div>
</div>



<p></p>
