{"id":45,"date":"2020-04-05T21:17:58","date_gmt":"2020-04-05T19:17:58","guid":{"rendered":"http:\/\/testserver.feuerwehr-oderwitz.de\/?page_id=45"},"modified":"2023-05-07T17:38:54","modified_gmt":"2023-05-07T15:38:54","slug":"tlf-16","status":"publish","type":"page","link":"https:\/\/feuerwehr-oderwitz.de\/?page_id=45","title":{"rendered":"TLF 4000"},"content":{"rendered":"\n<figure class=\"wp-block-image size-large\" id=\"block-b6ae2232-35b9-427e-adc3-acd668bce7c1\"><img decoding=\"async\" width=\"1024\" height=\"768\" src=\"https:\/\/feuerwehr-oderwitz.de\/wp-content\/uploads\/2023\/05\/IMG_6289-1024x768.jpeg\" alt=\"\" class=\"wp-image-1497\" srcset=\"https:\/\/feuerwehr-oderwitz.de\/wp-content\/uploads\/2023\/05\/IMG_6289-1024x768.jpeg 1024w, https:\/\/feuerwehr-oderwitz.de\/wp-content\/uploads\/2023\/05\/IMG_6289-300x225.jpeg 300w, https:\/\/feuerwehr-oderwitz.de\/wp-content\/uploads\/2023\/05\/IMG_6289-768x576.jpeg 768w, https:\/\/feuerwehr-oderwitz.de\/wp-content\/uploads\/2023\/05\/IMG_6289-1536x1152.jpeg 1536w, https:\/\/feuerwehr-oderwitz.de\/wp-content\/uploads\/2023\/05\/IMG_6289-350x263.jpeg 350w, https:\/\/feuerwehr-oderwitz.de\/wp-content\/uploads\/2023\/05\/IMG_6289-780x586.jpeg 780w, https:\/\/feuerwehr-oderwitz.de\/wp-content\/uploads\/2023\/05\/IMG_6289-250x188.jpeg 250w, https:\/\/feuerwehr-oderwitz.de\/wp-content\/uploads\/2023\/05\/IMG_6289.jpeg 2048w\" sizes=\"(max-width: 1024px) 100vw, 1024px\" \/><\/figure>\n\n\n\n<p id=\"block-ba98e3f3-e084-4085-a826-d6428158fbb6\"><strong>Funkkennung:<\/strong><\/p>\n\n\n\n<p id=\"block-56ef8b83-4f41-43bf-a832-899743b6a40a\">\u201eFlorian Oderwitz 11\/24\/1\u201c<\/p>\n\n\n\n<p id=\"block-857c887c-e833-4b74-b134-a51743bb2716\"><strong>Fahrgestell:<\/strong><\/p>\n\n\n\n<figure class=\"wp-block-table\"><table><tbody><tr><td>Hersteller:<\/td><td>MAN \/ Ziegler<\/td><\/tr><tr><td>Hubraum:<\/td><td>6.871 cm\u00b3<\/td><\/tr><tr><td>Leistung:<\/td><td>320 PS (235 kW)<\/td><\/tr><tr><td>H\u00f6chstgeschw.:<\/td><td>100 km\/h<\/td><\/tr><tr><td>Gel\u00e4nde:<\/td><td>Allrad zuschaltbar<\/td><\/tr><tr><td>Besatzung:<\/td><td>1\/5<\/td><\/tr><tr><td>Indienststellung:<\/td><td>08\/2020<\/td><\/tr><\/tbody><\/table><\/figure>\n\n\n\n<p id=\"block-0125ac55-a116-4026-b274-6bd23f2177a0\"><strong>Feuerwehrtechnischer Aufbau<\/strong><\/p>\n\n\n\n<figure class=\"wp-block-table\"><table><tbody><tr><td>Zweck:<\/td><td>Brandbek\u00e4mpfung und kleinere Technische Hilfeleistung<\/td><\/tr><tr><td>Beleuchtung:<\/td><td>LED-Fahrzeugumfeldbeleuchtung, LED-Lichtmast<\/td><\/tr><tr><td>Ger\u00e4te:<\/td><td>W\u00e4rmebildkamera, \u00dcberdurckl\u00fcfter, 4 Atemschutzger\u00e4te, Kombirettungsger\u00e4t<\/td><\/tr><tr><td>Aggregate:<\/td><td>Stromerzeuger (11,5kVA)<\/td><\/tr><tr><td>Heckpumpe:<\/td><td>Antrieb \u00fcber Fahrzeugmotor, 2000 Liter\/Minute bei 10 bar<\/td><\/tr><tr><td>Wassertank:<\/td><td>4000 Liter L\u00f6schwasser, 500 Liter Schaummitteltank<\/td><\/tr><tr><td>Funk:<\/td><td>1 Fahrzeugfunkger\u00e4t (HBC), 5 Handsprechfunkger\u00e4te (HRT)<\/td><\/tr><tr><td>Zusatz:<\/td><td>Waldbrandausr\u00fcstung<\/td><\/tr><\/tbody><\/table><\/figure>\n","protected":false},"excerpt":{"rendered":"<p>Funkkennung: \u201eFlorian Oderwitz 11\/24\/1\u201c Fahrgestell: Hersteller: MAN \/ Ziegler Hubraum: 6.871 cm\u00b3 Leistung: 320 PS (235 kW) H\u00f6chstgeschw.: 100 km\/h Gel\u00e4nde: Allrad zuschaltbar Besatzung: 1\/5 Indienststellung: 08\/2020 Feuerwehrtechnischer Aufbau Zweck: Brandbek\u00e4mpfung und kleinere Technische Hilfeleistung Beleuchtung: LED-Fahrzeugumfeldbeleuchtung, LED-Lichtmast Ger\u00e4te: W\u00e4rmebildkamera, \u00dcberdurckl\u00fcfter, 4 Atemschutzger\u00e4te, Kombirettungsger\u00e4t Aggregate: Stromerzeuger (11,5kVA) Heckpumpe: Antrieb \u00fcber Fahrzeugmotor, 2000 Liter\/Minute bei 10 <a class=\"more-link\" href=\"https:\/\/feuerwehr-oderwitz.de\/?page_id=45\">weiterlesen&#8230;<\/a><\/p>\n","protected":false},"author":1,"featured_media":462,"parent":34,"menu_order":2,"comment_status":"closed","ping_status":"closed","template":"","meta":{"footnotes":""},"class_list":["post-45","page","type-page","status-publish","has-post-thumbnail","hentry"],"_links":{"self":[{"href":"https:\/\/feuerwehr-oderwitz.de\/index.php?rest_route=\/wp\/v2\/pages\/45","targetHints":{"allow":["GET"]}}],"collection":[{"href":"https:\/\/feuerwehr-oderwitz.de\/index.php?rest_route=\/wp\/v2\/pages"}],"about":[{"href":"https:\/\/feuerwehr-oderwitz.de\/index.php?rest_route=\/wp\/v2\/types\/page"}],"author":[{"embeddable":true,"href":"https:\/\/feuerwehr-oderwitz.de\/index.php?rest_route=\/wp\/v2\/users\/1"}],"replies":[{"embeddable":true,"href":"https:\/\/feuerwehr-oderwitz.de\/index.php?rest_route=%2Fwp%2Fv2%2Fcomments&post=45"}],"version-history":[{"count":10,"href":"https:\/\/feuerwehr-oderwitz.de\/index.php?rest_route=\/wp\/v2\/pages\/45\/revisions"}],"predecessor-version":[{"id":1518,"href":"https:\/\/feuerwehr-oderwitz.de\/index.php?rest_route=\/wp\/v2\/pages\/45\/revisions\/1518"}],"up":[{"embeddable":true,"href":"https:\/\/feuerwehr-oderwitz.de\/index.php?rest_route=\/wp\/v2\/pages\/34"}],"wp:featuredmedia":[{"embeddable":true,"href":"https:\/\/feuerwehr-oderwitz.de\/index.php?rest_route=\/wp\/v2\/media\/462"}],"wp:attachment":[{"href":"https:\/\/feuerwehr-oderwitz.de\/index.php?rest_route=%2Fwp%2Fv2%2Fmedia&parent=45"}],"curies":[{"name":"wp","href":"https:\/\/api.w.org\/{rel}","templated":true}]}}