{"id":666,"date":"2022-01-09T20:34:47","date_gmt":"2022-01-09T19:34:47","guid":{"rendered":"http:\/\/testserver.feuerwehr-oderwitz.de\/?page_id=666"},"modified":"2022-08-30T14:32:58","modified_gmt":"2022-08-30T12:32:58","slug":"faqs","status":"publish","type":"page","link":"https:\/\/feuerwehr-oderwitz.de\/?page_id=666","title":{"rendered":"FAQs"},"content":{"rendered":"\n<p>Unsere Feuerwehr ist, wie viele andere in Sachsen, eine Freiwillige Feuerwehr. Neben dieser Form gibt es noch sieben Berufsfeuerwehren im Freistaat, diese findet man allerdings nur in St\u00e4dten, wie Dresden oder Leipzig.<\/p>\n\n\n<div class=\"wp-block-image\">\n<figure class=\"aligncenter size-full\"><img decoding=\"async\" width=\"747\" height=\"576\" src=\"\/wp-content\/uploads\/2022\/01\/Wir-brauchen-SIE1.jpg\" alt=\"\" class=\"wp-image-749\" title=\"Wir brauchen SIE!\" srcset=\"https:\/\/feuerwehr-oderwitz.de\/wp-content\/uploads\/2022\/01\/Wir-brauchen-SIE1.jpg 747w, https:\/\/feuerwehr-oderwitz.de\/wp-content\/uploads\/2022\/01\/Wir-brauchen-SIE1-300x231.jpg 300w\" sizes=\"(max-width: 747px) 100vw, 747px\" \/><\/figure>\n<\/div>\n\n\n<p><strong>&#8222;Was ist eine Freiwillige Feuerwehr?&#8220;<\/strong><\/p>\n\n\n\n<p>Die Hilfeleistungs-, Rettungs-, und L\u00f6scheins\u00e4tze werden in unserer Region ausschlie\u00dflich (!) von Freiwilligen Feuerwehren abgedeckt. Feuerwehr ist unser Hobby. Das hei\u00dft, dass wir ganz normal zur Arbeit gehen. Wenn wir einen Einsatz bekommen, kommen wir zum Depot, ziehen uns um und fahren mit unseren Fahrzeugen zum Einsatz. Kann einer von Arbeit nicht weg oder ist verreist, besetzt ein anderer dessen Posten. Deshalb ist es notwendig immer gen\u00fcgend Mitglieder (M\u00e4nner UND Frauen!) zu haben.<\/p>\n\n\n\n<p><strong>&#8222;Welche Kosten entstehen?&#8220; \u2013KEINE!<\/strong><\/p>\n\n\n\n<p>S\u00e4mtliche oben aufgef\u00fchrten Leistungen werden von der Gemeinde Oderwitz finanziert. Da diese als Tr\u00e4ger der Feuerwehr dazu verpflichtet ist eine Feuerwehr mit Ausr\u00fcstung und Personal bereitzuhalten, bezahlt sie die Einsatztechnik (Fahrzeuge, Ausr\u00fcstung, \u2026), die Feuerwehr-Uniformen sowie die Ausbildungs-\/Fahrtkosten f\u00fcr jeden Feuerwehrlehrgang.<\/p>\n\n\n\n<p><strong>&#8222;Bin ich daf\u00fcr nicht zu alt?&#8220;<\/strong><\/p>\n\n\n\n<p>F\u00fcr die Aktive Abteilung suchen wir M\u00e4nner UND Frauen (!) zwischen 16 und 67 Jahren als Truppmann, Truppf\u00fchrer, Gruppenf\u00fchrer, Zugf\u00fchrer, Maschinist, Atemschutzger\u00e4tetr\u00e4ger und Kettens\u00e4genf\u00fchrer. Du bist zwischen 6 und 16 Jahre alt? Dann kannst du in unserer <a href=\"\/?page_id=275\">Kinder- oder Jugendfeuerwehr<\/a> mitmachen.<\/p>\n\n\n\n<p><strong>&#8222;Ben\u00f6tige ich Vorkenntnisse?&#8220;<\/strong><\/p>\n\n\n\n<p>NEIN!<\/p>\n\n\n\n<p><strong>&#8222;Was passiert mit meinem Lohn?&#8220;<\/strong><\/p>\n\n\n\n<p>Im Fall eines Einsatzes w\u00e4hrend Ihrer Arbeitszeit bezahlt ihr Arbeitgeber in diesem Fall ihren Lohn\/Gehalt weiter an Sie. Er erh\u00e4lt diese Kosten von der Gemeinde Oderwitz nach dem Einsatz zur\u00fcck. Dies ist im S\u00e4chsischen Brandschutzgesetz (S\u00e4chsBRKG) verankert.<\/p>\n\n\n\n<p><strong>&#8222;Ich arbeite au\u00dferorts!&#8220;<\/strong><\/p>\n\n\n\n<p>Die Meisten unserer Mitglieder arbeiten au\u00dferorts (Zittau, Neugersdorf, G\u00f6rlitz, \u2026)! F\u00fcr diesen Fall erhalten Sie einen Funkmeldeempf\u00e4nger, der Sie zu unseren Eins\u00e4tzen alarmiert. Sie unterst\u00fctzen dann an der Einsatzstelle die bereits im Einsatz befindlichen Kameraden.<\/p>\n\n\n\n<p><strong>&#8222;Ich habe keine Zeit!&#8220;<\/strong><\/p>\n\n\n\n<p>Jedes Feuerwehrmitglied absolviert in einem Kalenderjahr 40 Stunden an Ausbildungsdiensten an unserem Feuerwehrhaus. Wir treffen uns dazu aller 14 Tage f\u00fcr 2 Stunden. Pro Jahr haben wir ca. 30 bis 40 Eins\u00e4tze.<\/p>\n\n\n\n<div class=\"wp-block-columns is-layout-flex wp-container-core-columns-is-layout-9d6595d7 wp-block-columns-is-layout-flex\">\n<div class=\"wp-block-column is-layout-flow wp-block-column-is-layout-flow\">\n<p><strong>Alle Fragen beantwortet und \u00fcberzeugt? Senden Sie uns noch heute Ihren Aufnahmantrag direkt online:<\/strong><\/p>\n\n\n\n<div class=\"wp-block-buttons is-horizontal is-content-justification-center is-layout-flex wp-container-core-buttons-is-layout-499968f5 wp-block-buttons-is-layout-flex\">\n<div class=\"wp-block-button is-style-fill\"><a class=\"wp-block-button__link has-very-light-gray-color has-vivid-red-background-color has-text-color has-background\" href=\"\/?page_id=296\" style=\"border-radius:5px\" rel=\"\/ueber-uns\/fahrzeuge\/hlf10\/\">Mitglied werden!<\/a><\/div>\n<\/div>\n<\/div>\n\n\n\n<div class=\"wp-block-column is-layout-flow wp-block-column-is-layout-flow\">\n<p><strong>Sie haben noch Fragen oder wollen sich unsere Technik mal von Nahem ansehen? Wir stehen zur Verf\u00fcgung:<\/strong><\/p>\n\n\n\n<div class=\"wp-block-buttons is-horizontal is-content-justification-center is-layout-flex wp-container-core-buttons-is-layout-499968f5 wp-block-buttons-is-layout-flex\">\n<div class=\"wp-block-button is-style-fill\"><a class=\"wp-block-button__link has-very-light-gray-color has-vivid-red-background-color has-text-color has-background\" href=\"\/?page_id=53\" style=\"border-radius:5px\" rel=\"\/ueber-uns\/fahrzeuge\/hlf10\/\">Kontakt zur Wehrleitung<\/a><\/div>\n<\/div>\n<\/div>\n<\/div>\n\n\n\n<p><br><\/p>\n","protected":false},"excerpt":{"rendered":"<p>H\u00e4ufige Fragen zur Freiwilligen Feuerwehr <a class=\"more-link\" href=\"https:\/\/feuerwehr-oderwitz.de\/?page_id=666\">weiterlesen&#8230;<\/a><\/p>\n","protected":false},"author":1,"featured_media":749,"parent":270,"menu_order":5,"comment_status":"closed","ping_status":"closed","template":"","meta":{"footnotes":""},"class_list":["post-666","page","type-page","status-publish","has-post-thumbnail","hentry"],"_links":{"self":[{"href":"https:\/\/feuerwehr-oderwitz.de\/index.php?rest_route=\/wp\/v2\/pages\/666","targetHints":{"allow":["GET"]}}],"collection":[{"href":"https:\/\/feuerwehr-oderwitz.de\/index.php?rest_route=\/wp\/v2\/pages"}],"about":[{"href":"https:\/\/feuerwehr-oderwitz.de\/index.php?rest_route=\/wp\/v2\/types\/page"}],"author":[{"embeddable":true,"href":"https:\/\/feuerwehr-oderwitz.de\/index.php?rest_route=\/wp\/v2\/users\/1"}],"replies":[{"embeddable":true,"href":"https:\/\/feuerwehr-oderwitz.de\/index.php?rest_route=%2Fwp%2Fv2%2Fcomments&post=666"}],"version-history":[{"count":10,"href":"https:\/\/feuerwehr-oderwitz.de\/index.php?rest_route=\/wp\/v2\/pages\/666\/revisions"}],"predecessor-version":[{"id":894,"href":"https:\/\/feuerwehr-oderwitz.de\/index.php?rest_route=\/wp\/v2\/pages\/666\/revisions\/894"}],"up":[{"embeddable":true,"href":"https:\/\/feuerwehr-oderwitz.de\/index.php?rest_route=\/wp\/v2\/pages\/270"}],"wp:featuredmedia":[{"embeddable":true,"href":"https:\/\/feuerwehr-oderwitz.de\/index.php?rest_route=\/wp\/v2\/media\/749"}],"wp:attachment":[{"href":"https:\/\/feuerwehr-oderwitz.de\/index.php?rest_route=%2Fwp%2Fv2%2Fmedia&parent=666"}],"curies":[{"name":"wp","href":"https:\/\/api.w.org\/{rel}","templated":true}]}}